ivided by y.
17
Suppose k = -3*j + 196, -62*j - 192 = -k - 61*j. Calculate the remainder when k is divided by 49.
46
Let y(l) = l**3 + 18*l**2 + 11*l - 205. Calculate the remainder when y(-16) is divided by 27.
23
Let x = 5 + 29. Suppose 29*h = 224 + 2705. What is the remainder when h is divided by x?
33
Suppose -2*d = m - 19, -6 = 2*d - m - 35. What is the remainder when 16 is divided by d?
4
Suppose 6 = 2*i + i. Let m be (-9 - -11) + (-38)/2. Let t = m - -19. Calculate the remainder when i is divided by t.
0
Let g be (15/6)/((-1)/2). Let f(p) = -p + 10. Let x be f(8). What is the remainder when 5 + x + g - -25 is divided by 15?
12
Let p be 7/(-9) + (-6)/27. Let j be 7/p*16/(-28). Suppose -5*a = -2*r + j, 0 = -5*r - a + 2*a + 33. Calculate the remainder when 11 is divided by r.
4
Suppose -3*x = 4*a + 100, x + 2*x - 68 = 2*a. Let m = a - -43. Suppose -5*i - 33 = -253. Calculate the remainder when i is divided by m.
14
Suppose -4 = 9*q - 130. Calculate the remainder when 19 is divided by q.
5
Let h = 35 + -34. Calculate the remainder when h/((-1)/(-7)) - (2 + -1) is divided by 1.
0
Let z be (-2)/(-1) + (-26)/(-1). Suppose -3*u + z = -8. Calculate the remainder when 10 is divided by (-25)/(-9) - u/(-54).
1
Let i = 9 - 6. Suppose -2*y - 7*d + 35 = -4*d, 0 = i*y + 2*d - 50. Suppose 0 = 5*v + t - 84, -v + y = 2*t + 1. What is the remainder when 32 is divided by v?
15
Suppose 2*p - 6 = -p. Suppose -p*l + 10 = -0*l. Suppose c - 2*c = 3*b - 21, l*c + 23 = b. Calculate the remainder when 30 is divided by b.
6
Let w = 4 + 1. Suppose -w*z + 3*u + 16 = 0, -5*u - 18 = -4*z - 0*u. Suppose -70 = -z*f - 3*f. What is the remainder when 25 is divided by f?
11
Let k(a) = 3*a**2 + 46*a - 297. Calculate the remainder when 261 is divided by k(6).
0
Let g = -233 - -548. Calculate the remainder when g is divided by 29.
25
Let q be 2/(-3)*(-11 - -8). Suppose 2*g + 38 = -5*x + 137, -5*g + 48 = q*x. Calculate the remainder when 53 is divided by x.
15
Let x be 4/(-6) - (4 - (-537)/(-9)). Suppose 0 = 5*a - x - 105. What is the remainder when 60 is divided by a?
28
Let h be (-34)/6 - 2/(-3). Let f(g) = -g**3 - 5*g**2 - 2*g - 6. Suppose b - 6 = 5*w - 3*w, -3*b + 30 = -3*w. Calculate the remainder when b is divided by f(h).
2
Suppose 0 = 14*v - 9*v - 90. What is the remainder when 41 is divided by v?
5
Let w(d) = -d**3 + 6*d**2 - 6*d + 13. Let k be w(5). Let h(m) = m**2 - 7*m + 7. Calculate the remainder when 42 is divided by h(k).
12
Let a = 245 + -238. Calculate the remainder when 1/(285/(-144) - -2) is divided by a.
6
Suppose -21*m = 10*m - 589. What is the remainder when 51 - (-4)/(1 + 1) is divided by m?
15
Suppose -5*r - 52 = -12. What is the remainder when (-1 - 2)*(-87)/9 is divided by 45/12*r/(-3)?
9
Let k = -122 + 58. Let q = k - -74. What is the remainder when q is divided by 4?
2
Suppose 3*t - 187 - 8 = 0. Suppose 4*p - p - 4*x - 728 = 0, -p + 256 = 2*x. Suppose 8*w + 72 = p. What is the remainder when t is divided by w?
21
Suppose -2*b + 4 = 0, 0*b = h + 3*b - 21. What is the remainder when 702 is divided by h?
12
Let x = 16 - 17. Calculate the remainder when 40 - (5 + -2)*x is divided by 9.
7
Let y = -16 - -26. Suppose 5*u = -7 - 98. Let c = u - -38. What is the remainder when c is divided by y?
7
Let f = 63 - 45. What is the remainder when (1/2 - 2)*2*(-344)/12 is divided by f?
14
Let f be (-12)/(-5)*(-30)/9. Let b be (12/f)/(2/(-16)). What is the remainder when 23 is divided by (3 - b)/((-9)/6)?
5
Let q = -251 - -298. What is the remainder when 139 is divided by q?
45
Let m(y) = y + 49. Let o(x) = -2*x**2 + x + 10. Let h be o(4). Calculate the remainder when 122 is divided by m(h).
29
Suppose -t + h = -47, -t - 4*h + 5 = -22. Let r(m) = -2*m + 3. Calculate the remainder when t is divided by r(-4).
10
Suppose 0*j = -4*j + 2*u + 20, -5*u - 10 = 0. Suppose -1 = f - j. What is the remainder when 3 is divided by f?
0
Let j(l) = -8*l - 1. What is the remainder when 80/440 - ((-713)/11 - 2) is divided by j(-3)?
21
Let b(h) = -h**3 - 2*h**2 + 3. Let a be b(-2). Let q = 43 + 29. Suppose 3*t = -a*j + q, 4*j = -2*t + j + 44. Calculate the remainder when t is divided by 10.
8
Suppose 4*y - 33 = 4*a - 9, -a = -4*y - 3. What is the remainder when 76 - (-3)/(a/12) is divided by 37?
35
Let j(c) = c**3 + 11*c**2 - 12*c + 6. Suppose -3*l + 13 + 26 = 3*s, s - 4*l - 18 = 0. Calculate the remainder when s is divided by j(-12).
2
Let p = 1512 + -1252. What is the remainder when p is divided by 88?
84
Suppose 179 = -11*g - 41. Let r = g + 33. What is the remainder when (-2 - -2) + 1*37 is divided by r?
11
What is the remainder when (3 + 161)*2 - -4 is divided by 67?
64
Let z(f) = f**3 + 11*f**2 + 17*f - 11. Calculate the remainder when 125 is divided by z(-8).
35
Suppose 84*w = 94*w - 840. Calculate the remainder when w is divided by 39.
6
Suppose 2*q - 96 = 2*j, -2*j = -q + 54 - 4. Calculate the remainder when 459 is divided by q.
45
Suppose -360 = 346*p - 366*p. Calculate the remainder when 124 is divided by p.
16
Suppose 44 = 356*q - 352*q. Calculate the remainder when 227 is divided by q.
7
Let p(q) = q**2 - 3*q - 25. Let c be p(8). Suppose -5*n = -2*n - c. Calculate the remainder when 12 is divided by n.
2
Suppose -4*d = 4*s - 16, 2*d = 2*s - s - 1. Suppose y + 8 = 5*y. Let g(c) = -c**3 + 2*c**2 + c - 1. Calculate the remainder when s is divided by g(y).
0
Let s = 706 + -689. What is the remainder when 370 is divided by s?
13
Suppose -25*n = -29*n + 112. What is the remainder when 81 is divided by n?
25
Suppose 3*r - 7 = -19. Let h = 42 + r. Calculate the remainder when 75 is divided by h.
37
Let t(q) = 21 + 8*q + 0*q**2 + 0*q + 3*q + q**2. Calculate the remainder when t(-9) is divided by 3.
0
Let o = 27 - 16. Let k = 52 + -52. Suppose k = 2*z + 16 - 28. Calculate the remainder when o is divided by z.
5
What is the remainder when (53/106)/(1/124) is divided by 6?
2
Let o(u) = -u + 2*u - 5*u**2 + 9*u**2 - 1. What is the remainder when 8 + -2*1/2 is divided by o(1)?
3
Let g be -6*(3/(-2) + 1). Suppose 80 = d + 4*b, g*d - 5*b + b = 272. Calculate the remainder when d is divided by 30.
28
Suppose 0*g + 4*g + 266 = -3*k, -5*g = 2*k + 336. Suppose -622 - 210 = -8*v. Let n = v + g. Calculate the remainder when n is divided by 19.
17
Let w = 23 + -19. Suppose 2*y = 4*p - 14, -2*y = -2*p + 3 - 1. Calculate the remainder when p is divided by w.
2
Suppose 0 = -3*m - 5*a + 8, 0*m = m + a. What is the remainder when 33 is divided by 124/10 + m/10?
9
Suppose -4*f - 3*t - 128 = 0, 2*t + 4 + 4 = 0. Let q = 52 + f. Suppose 0*n = 4*n - 2*l - 162, 235 = 5*n + 4*l. Calculate the remainder when n is divided by q.
20
Suppose 0*w = -7*w + 14. Suppose 6 = f - w*k, -4*k - 14 = -2*f - 2*k. What is the remainder when 30 is divided by f?
6
Suppose -55*q = -167*q + 37520. Calculate the remainder when q is divided by 29.
16
Suppose 0 = 2*f + 8 + 28. Let j(s) = -s**2 - 19*s - 9. Calculate the remainder when j(f) is divided by 6.
3
Let n = -120 - -156. What is the remainder when n is divided by 13?
10
Suppose -4*z + 12*v = 10*v - 50, 2*v - 28 = -2*z. What is the remainder when z is divided by 8?
5
Let b = -594 - -636. Calculate the remainder when 144 is divided by b.
18
Suppose -3*q - 132 = 3*z, -2*z + 29 = 5*q + 249. Let y = -29 - q. Calculate the remainder when y is divided by 8.
7
Let p(b) = 27*b**2 + 51*b - 4. Calculate the remainder when p(-4) is divided by 15.
14
Let o(m) = m**3 + 5*m**2 + 2*m + 3. Let p be o(-3). Let v = -11 + p. Suppose -4*i + v = -2*y, 3*y - 4*y = 2*i - 6. What is the remainder when 3 is divided by i?
1
Let x(f) = -f**3 + 2*f**2 - 17*f - 40. What is the remainder when x(-10) is divided by 36?
34
Let j(x) = 1 + 0*x + 4 - 9*x. Calculate the remainder when j(-4) is divided by (13 - -2) + -1 + 0.
13
Let r(p) = -p**2 - 8*p + 14. Let a be r(-9). Suppose 0 = a*q - 345 - 55. What is the remainder when q is divided by (18/4)/((-1)/(-6))?
26
Calculate the remainder when 204 is divided by 15*(-164)/(-48) + 3/4.
48
Let q = -116 + 119. What is the remainder when 83 is divided by 15 - (q + 0/(-5))?
11
Suppose i - 2*i + 5*q + 195 = 0, 0 = 5*i + q - 949. What is the remainder when i is divided by 66?
58
Let w = -763 - -775. Let h = -23 - -42. Calculate the remainder when h is divided by w.
7
S